9 - v. What is the greatest common factor of h and 3?
3
Let f(n) = -n. Let a be f(-10). What is the greatest common divisor of 10 and a?
10
Let z(h) = 4*h - 1. Let p be z(1). Suppose x + 1 - 2 = -4*k, 1 = x + k. What is the highest common factor of p and x?
1
Suppose 0 = -7*y + 3*y - 64. Let p be (y/6)/((-2)/9). Let v be 11/1 + p/(-6). Calculate the highest common factor of v and 9.
9
Let h(y) = 6*y. Let l be h(-6). Suppose -m + 867 = -569. Let p be m/18 - 8/l. What is the greatest common factor of 10 and p?
10
Let z = 26 + -41. Let w(v) = -17*v**2 + 2*v. Let u be w(2). Let j be z*(u/10 - -2). Calculate the highest common divisor of j and 6.
6
Suppose -3*d = -2*d - 6. Calculate the highest common divisor of d and 18.
6
Let b = -7 - -39. What is the greatest common divisor of 8 and b?
8
Let c be -3 + 28 + (-3 - 1). What is the greatest common divisor of 105 and c?
21
Suppose -h - 2*t - 10 = -4*h, -8 = -2*h + t. Suppose -54 + h = -3*o. Calculate the greatest common factor of 40 and o.
8
Suppose 8*n = 3*o + 4*n + 14, 0 = -o + n - 4. Let y be (o - -39) + 4/(-2). Suppose -5*t + 28 = -t. Calculate the greatest common factor of t and y.
7
Let x(b) = -b**3 + 3*b**2 + 3*b - 5. Let l be x(3). What is the highest common divisor of l and 2?
2
Let h be 573/27 + 4/(-18). Calculate the greatest common divisor of h and 7.
7
Suppose -3*k - k + 5*z + 746 = 0, 3*k + z = 569. Calculate the highest common factor of k and 21.
21
Let x(u) = -u - 10. Let d be x(-8). Let r be ((-22)/(-8))/(d/(-56)). Calculate the highest common factor of 7 and r.
7
Let u(q) = q + 1. Let g(c) = -24*c - 3. Let w(n) = -g(n) - 4*u(n). Let v be w(2). Calculate the highest common divisor of 26 and v.
13
Let o(a) = a**2 - 16*a + 36. Let q be o(18). Calculate the highest common divisor of 8 and q.
8
Let w(y) = -y**3 - 4*y**2 + 5*y + 1. Let q be w(-5). Suppose -2*s + 9 + q = 0. Suppose -4*m + s*m = 6. What is the greatest common factor of m and 42?
6
Let l(z) = z**2 + 9*z - 11. Let o be l(-11). What is the highest common factor of o and 11?
11
Suppose -5*m + 108 = 4*m. Calculate the highest common factor of m and 84.
12
Suppose 301 = 7*u + 21. Calculate the highest common factor of 10 and u.
10
Let x be (-2)/(-2) + (-1 - -2). Suppose z = x*z - 1. Calculate the highest common factor of z and 5.
1
Let w be (-1 - 6)/((-2)/8). Let m = 245 + -152. Suppose u - m = -w. What is the greatest common factor of u and 13?
13
Let b = 128 - 89. What is the greatest common divisor of 273 and b?
39
Let k(t) = t**3 + 17*t**2 - 7*t - 7. Let d be k(-17). Let j(b) = -b**3 + 5*b + 2. Let o be j(-3). Calculate the greatest common factor of d and o.
14
Let y(r) = -41*r + 1. Let m be y(-1). Suppose 0 = -4*p + 20 + 36. Let g be (p/4)/(3/6). What is the highest common divisor of m and g?
7
Let c(w) = w + 3*w**2 + 0*w + 2*w**2 + 2*w + 4. Let z be c(5). Calculate the greatest common divisor of 16 and z.
16
Suppose 15 = 5*x - 4*x. What is the greatest common factor of x and 60?
15
Let x = 2 + 0. Let t be 5 - (0 - -4)/x. Suppose 2*v = t*n - 10, 3*n - v + 8 - 22 = 0. What is the greatest common divisor of n and 66?
6
Suppose -295 = -3*m + 248. Let y(n) = -9*n**3 + n**2 - 5*n + 5. Let b be y(2). Let t = b + m. Calculate the greatest common factor of t and 12.
12
Suppose 0 = h + 4, 3*h + 172 + 40 = 4*l. Let w be 27/18*20/3. Calculate the highest common divisor of l and w.
10
Suppose 0*a - 20 = -2*a. Let n = 4 + a. Calculate the greatest common divisor of n and 56.
14
Let v = -7 + 22. Let a be (6/v)/(3/105). What is the highest common factor of a and 21?
7
Let q be 219/18*2 + 2/(-6). Suppose -4*x + 0*x + d = -244, 0 = -x + 4*d + 76. What is the greatest common divisor of q and x?
12
Suppose -5*f - 80 = -5*w, 3*w - 28 = 2*f + 5*w. Let k be ((-6)/(-10) - 1)*f. Suppose -162 = -p - 2*p. What is the highest common factor of k and p?
6
Let o(u) = -u - 5. Let d be o(-5). Suppose d = 5*q - 86 + 16. Calculate the highest common factor of q and 7.
7
Let x be (3 - (-5)/(-3))/((-24)/(-54)). Calculate the highest common divisor of x and 57.
3
Let q = 464 + -226. What is the greatest common divisor of q and 34?
34
Suppose -50 = -4*b - 2*z, 0 = 3*b + 5*z - 3*z - 39. What is the highest common divisor of 121 and b?
11
Suppose -22 = -4*p + 2*p. Let t be -6 + 3 + 5 - -31. Calculate the greatest common factor of t and p.
11
Suppose -7*z + 960 = -4*z - 4*l, z - 2*l - 318 = 0. Calculate the greatest common divisor of z and 36.
36
Let w(f) = -f**2 - 4*f. Let b be w(-3). Suppose -b*l + z + 6 = -2*l, -2*z + 12 = 2*l. What is the greatest common factor of 3 and l?
3
Suppose 53 = 4*s - 35. Calculate the highest common factor of 11 and s.
11
Let l = -91 + 134. Let k = 64 - l. Calculate the highest common factor of k and 147.
21
Let w be 1*-2*(-2)/4. Let l(h) = 3*h**3 - h**2 - h + 1. Let p be l(w). Calculate the greatest common factor of 6 and p.
2
Let v be (8 + -4)*14/8. What is the highest common factor of v and 14?
7
Let w be 16 + 1 + (0 - 0). Let x be -5*-2*(-1)/(-5) + 134. Calculate the highest common divisor of x and w.
17
Suppose 2*b = 4*t - 0*b - 94, 46 = t - 5*b. What is the greatest common factor of 14 and t?
7
Let l = -3 + 9. Let d be 57/l + 4/(-8). Calculate the greatest common factor of d and 36.
9
Suppose 14 = p - 4*c, 5*p + 6*c = 3*c + 162. Calculate the highest common divisor of 15 and p.
15
Let m = -13 + 17. Calculate the highest common divisor of 4 and m.
4
Let k be (-1)/((26/65)/(4/(-5))). Suppose -3 + 18 = 4*n - 3*i, -3*i = -3*n + 15. Suppose n + 6 = 3*d. Calculate the greatest common divisor of d and k.
2
Let o = -1 + 1. Suppose -m - m + 10 = o. Let q = 6 - 4. What is the highest common divisor of q and m?
1
Let u = -16 + 44. Calculate the greatest common factor of 4 and u.
4
Let m(h) = -h**3 - 13*h**2 + h + 19. Let q(z) = -2*z - 1. Let f be q(6). Let j be m(f). Calculate the highest common factor of 24 and j.
6
Let o(k) = -k**3 + 8*k**2 - 6*k - 7. Let q be o(5). Calculate the highest common factor of q and 19.
19
Let t be (-496)/(-3) + 6/(-18). What is the highest common factor of t and 15?
15
Let k be (-23 + 1)/(-4*(-1)/(-2)). What is the highest common factor of 99 and k?
11
Suppose 0 = 4*h - 323 + 83. What is the greatest common divisor of 40 and h?
20
Let h(i) = 3*i - 4. Let x be h(3). Calculate the greatest common divisor of 5 and x.
5
Suppose 2*f + 0 = 2, -2*f = -c - 456. Let q be c/(-8) + (-15)/20. What is the greatest common factor of 8 and q?
8
Suppose 3*i = 2*i + 63. Suppose 5*t - 41 = 2*s, -5*s = -3*t + 2*t - 1. What is the highest common divisor of i and t?
9
Suppose -n - 8 = -3*g, -g - 8 = 5*n - 0*n. Suppose 0*k - k = 19. Let f = -15 - k. Calculate the greatest common factor of g and f.
2
Let f be 2*(27/6 + -2). Suppose -f*p = -0*p - 20. Suppose 3*x - 5*n = 29, -2*x = -4*x + p*n + 22. What is the greatest common divisor of x and 15?
3
Suppose 2*t - 14 = -0*t. Suppose -5*n - b = -248, 4*n + 0*b - 184 = 4*b. Calculate the highest common divisor of t and n.
7
Suppose -3*f - 15 = -3. Let a be (-18)/(-5) + f/(-10). Suppose 10 = 2*p - p. Calculate the highest common divisor of a and p.
2
Let d be (-19)/(-2)*(5 + -3). Calculate the highest common divisor of 95 and d.
19
Let c(m) = -3*m + 3. Let x be (9/12)/(-1)*8. Let u be c(x). What is the highest common factor of u and 3?
3
Let j(y) = -14*y. Let q(o) = -o. Let v be (2/5)/((-3)/(-60)). Let w(b) = v*q(b) - j(b). Let h be w(5). What is the highest common factor of 75 and h?
15
Let s = 6 + -6. Suppose s*u = 3*u - 60. What is the highest common divisor of 10 and u?
10
Let q be (-9)/(1 - -2) + 99. Suppose p - 4*p + q = 0. Suppose -2*m - p = -92. Calculate the greatest common divisor of 15 and m.
15
Suppose 5*h + 5*t + 320 = 0, 0*t = -4*t + 8. Let y = -27 - h. Suppose -3*a + y = 9. What is the greatest common factor of a and 10?
10
Let l be 2/(-12) - (-158)/12. Let k = -3 + l. What is the greatest common divisor of 2 and k?
2
Suppose 4*s + 40 = 3*k, 2*k + s + 3*s - 40 = 0. Suppose 3*r = 8*r - 40. Calculate the highest common divisor of r and k.
8
Let n = -9 + 10. Suppose 2*i = n + 3. Suppose -h + 28 = 5*b - 5*h, i*b - 4*h = 16. Calculate the greatest common divisor of b and 8.
4
Suppose 5*y = -5*b - 15, -b - 4*b + 5*y = -25. Let p be ((2 - 3) + 2)*b. Let m be ((-1)/(-1))/(p/7).